?
False
Let j be (483/(-35))/(1/(-5)). Suppose 3*o + 237 = 3*v, -4*o = 2*v - v - j. Is v composite?
True
Let w = -3 - -4. Suppose j = -2 + w, 4*j = -5*m + 21. Suppose 260 = m*g - g. Is g composite?
True
Suppose 0*q = 2*q - 156. Suppose -4*i = -3*t + 181, 2*t = -2*i + 38 + q. Is t composite?
False
Let t be (-30510)/(-63) + (-4)/14. Suppose -4*f - 5*a = -t, -4*a + 545 = 3*f + 182. Is f prime?
False
Let m(y) = -y**3 + 8*y**2 - 3*y + 7. Let a be (-1)/5 - 651/(-5). Let c be 8/(-36) - a/(-18). Is m(c) composite?
True
Is (12/3 - 447)/(-1) prime?
True
Suppose -5*h + 9 = -2*h. Suppose 83 = 5*s - 4*y, 0 = -4*s - 0*s + h*y + 67. Is s a composite number?
False
Let l(m) = m**2 + 1049. Is l(0) a prime number?
True
Let k = 812 - -532. Suppose d + 2*d = -3*f + k, 4*d = -3*f + 1787. Is d prime?
True
Let h be (2 + -5 + 2)*-21. Suppose h = -j - 0*j - 3*d, 0 = 3*d + 12. Let g = j - -34. Is g composite?
True
Is ((-20)/21 + (-10)/(-35))*-213 prime?
False
Let o be (-404)/6 + (-1)/(-3). Let k = -93 + 227. Let d = o + k. Is d a prime number?
True
Suppose 2*y - 26 = -4*s, 2*s + 4*y = -y + 17. Suppose -5*r + s = -2*r. Is (-1 + r)/(4/148) prime?
True
Let f(r) = 22 - 3*r**3 - 3*r**3 + r**2 + 7*r**3 + 12. Is f(0) composite?
True
Let r be 155*3*(-10)/(-25). Let p = r + -103. Is p prime?
True
Suppose -2*w - 279 = w. Let c = w + 180. Is c prime?
False
Let g(v) = -47*v - 45. Is g(-8) composite?
False
Let d be 142/(0 - (-4)/2). Let h = d - 48. Is h a prime number?
True
Let t be 338/(-2*(-1)/1). Suppose 3*g - t = -2*d, g - 14 = -4*d + 319. Is d a prime number?
True
Let x = -13 - -25. Suppose 8 = 5*z - x. Let a = 3 + z. Is a prime?
True
Let j(f) = -f + 4. Let k be j(0). Suppose -b + 55 = k*b. Is b composite?
False
Let k(o) = 7 + 5*o**2 - o**3 - 2 - 1 + 3. Is k(-5) a prime number?
True
Let q(y) = y**2 - 5*y - 1. Let u = -1 + -3. Is q(u) a composite number?
True
Let w(m) be the third derivative of 7*m**4/24 - m**3/2 - m**2. Let v be w(2). Is (v + 0)/((-4)/(-28)) composite?
True
Let q(s) = -539*s**3 - s**2 - 3*s. Is q(-1) prime?
True
Let w = 823 + -481. Let h = 622 - w. Is h/12 + (-1)/3 prime?
True
Let l(p) = p**3 + p**2 + p + 75. Let d be l(0). Let n(z) = -2*z**2 - 5*z. Let s be n(4). Let v = s + d. Is v a prime number?
True
Let x(n) = 2*n**2 + 5*n - 1. Is x(16) composite?
True
Suppose -5*z + 5*b = -154 + 54, 4*z - 71 = -5*b. Is z prime?
True
Suppose d + 9 = 3*q + 1, d = 4. Is q a composite number?
True
Let z(x) = -3 + 4*x - 3 - x**3 + 5 - 4*x**2. Let n be z(-5). Suppose 4*r - 5*s - 46 = 3*r, -167 = -5*r + n*s. Is r prime?
True
Let r(n) = n**3 + 3*n**2 - 3*n - 4. Let k be r(-3). Suppose x + 2870 = 3*f, -3825 = -f - 3*f + x. Suppose 0*v = -k*v + f. Is v a composite number?
False
Is (-30)/(-40) + 1873/4 composite?
True
Let z(t) = 2*t**2 + t + 1. Let q be z(-1). Is 2/(-4) - (-111)/q composite?
True
Suppose 3*h - 1 = 5. Suppose -x + h*x - 2 = 0. Suppose x*s = -j + 15, 3*j + 2*s + 24 = 65. Is j a composite number?
False
Is -34 + 37 - (-1842 - (-4)/(-2)) prime?
True
Let r be (-9)/((10/18)/(-5)). Let n = r + -50. Is n a composite number?
False
Let i = -128 - -223. Is i prime?
False
Let p(b) = b + 1. Let z(u) = 4 - 6 + 3 - 11*u. Let d(t) = 2*p(t) - z(t). Is d(4) a composite number?
False
Let h(o) = 9*o. Let y be (77/(-14))/((-2)/4). Let i be h(y). Suppose -2*a + 19 = -i. Is a a prime number?
True
Let c(w) be the first derivative of w**4/4 - w**3/6 + w**2 - 3*w - 1. Let y(m) be the first derivative of c(m). Is y(-5) composite?
True
Let h(i) = -i + 1 + 13*i**2 + 2 + 4*i. Is h(-2) prime?
False
Is 7536/20 + (-5)/(-25) a composite number?
True
Suppose 2*z - 14 = -3*y, 5*z = -3*y - 2*y + 35. Suppose 5*t = -5*m - 45, -4*m = 5*t - z + 50. Is (t/(-3))/((-1)/(-33)) a composite number?
True
Let o(n) = 2*n + 6. Let q be o(6). Suppose x + 5*a = 25, -x + q = x + 2*a. Suppose -x*h = -7*h + 62. Is h prime?
True
Let p(k) = -7 + 5*k**2 + 9*k + k**2 - 3*k**2. Let h be p(-9). Suppose -4*y + h = y. Is y a composite number?
False
Let b be -3 + (-6)/(-3)*1. Let y = 54 + b. Is y prime?
True
Suppose -b + 111 - 674 = 5*m, -3 = b. Let i = 165 + m. Is i a composite number?
False
Let a = -3 - -5. Suppose a*h - 33 - 29 = 0. Is h composite?
False
Let k be (-3508)/9 - 4/18. Let o = k + 575. Is o a prime number?
False
Let z(d) be the second derivative of 15*d**3/2 - d**2 - 6*d. Is z(1) a prime number?
True
Suppose -z = -3*z + 4. Suppose -k = -4*j - 12, -z*j + 3 + 1 = 2*k. Suppose k*s = -3*w + 45, -2*w + 5*w - 69 = 4*s. Is w a prime number?
True
Let g(h) = 3*h**3 - 6*h**2 - 6*h - 4. Suppose -2*i + 20 = 2*i. Is g(i) a composite number?
False
Suppose 0*d = -2*d - 2*r + 620, r + 918 = 3*d. Is d prime?
True
Let s(z) = z**3 + 5*z**2 + 10*z + 12. Let c be s(-8). Is (14/8)/((-5)/c) composite?
True
Suppose -2*n = -w - 2057, w + 5138 = 5*n - 0*n. Is n a composite number?
True
Suppose -2*f + 3*s = 3*f - 22, -5*f + 4*s + 26 = 0. Suppose 2*a + 10 = 0, -3*j + 4*j - 2*a - 9 = 0. Is (j/(-1))/(f/166) prime?
True
Let y(b) = 76*b + 10. Let v be y(-8). Is v*((-14)/4 + 3) composite?
True
Let j(c) = -c**3 + 3*c**2 + 2*c - 1. Let f be j(2). Let r(u) be the third derivative of u**6/120 - u**5/12 - u**4/3 - 3*u**3/2 + u**2. Is r(f) a prime number?
False
Suppose -2*j + 4*l + 10 = 0, 0*j + 5*j = 5*l + 5. Let v = j - -12. Is -1 + (-3)/(-1) + v prime?
True
Let v(n) be the first derivative of -21*n**2/2 - 7*n + 1. Is v(-6) a prime number?
False
Suppose -5*g + j + 1461 = -j, 3*j = g - 300. Suppose -290 = -4*k - 2*h + 550, h = 5*k - 1036. Let x = g - k. Is x prime?
True
Let t be (-2)/(-4) + 247/(-2). Let l = t + 448. Suppose 0*c - 5*c = -l. Is c prime?
False
Suppose -4*n + 749 = -575. Is n a composite number?
False
Let f(a) = -a**2 - 4*a + 7. Let b be f(-5). Suppose -3*v + b = 5. Is v/2 - (-150)/4 a prime number?
True
Suppose 5*m + l + 12514 = 10*m, -1 = -l. Is m a prime number?
True
Suppose -5*m + 3*z = -24, 2*m = -z + 2*z + 9. Suppose 76 = t + m*t. Is t prime?
True
Suppose 5*c - 407 + 1667 = 0. Let f = -125 - c. Is f composite?
False
Let w = 1956 + -1049. Is w prime?
True
Let h(l) = -l + 11. Let f be h(7). Suppose -2*b + f*s + 92 = -166, s - 263 = -2*b. Is b composite?
False
Suppose -1049 = -4*c + 703. Let q = c - 215. Is q prime?
True
Let d(r) = r**2 - 5*r + 3. Let w be d(5). Is 88 - (0 + w/1) a prime number?
False
Suppose -2*x = -7*x + 1805. Is x a composite number?
True
Let i(s) = 13*s**2 + 8. Is i(9) a composite number?
False
Let y(c) = -215*c - 6. Is y(-5) prime?
True
Let t = -19 + 34. Suppose 2*u + 3*w = -5, -t = -5*u + 4*w + 30. Suppose -u*z - 66 + 328 = -3*y, 4*z - 211 = y. Is z a prime number?
True
Let w be (-1)/(-6) - (-200)/(-48). Is w/(-4)*2 + 12 prime?
False
Let v = -1650 + 4145. Is v composite?
True
Suppose -3*b + t = -32, 8*b - 4*b = t + 44. Is (-176)/(-3) - (-4)/b a prime number?
True
Let r(y) = 12*y - 4. Let s(q) = -q**3 + 5*q**2 - 4*q + 5. Let k be s(4). Let c be r(k). Suppose 14 = 5*p - c. Is p prime?
False
Suppose 2*i - 12 = -i. Suppose -i*t + 256 = 68. Is t composite?
False
Let o = -3 - -6. Suppose -215 = o*a + 2*a. Let g = -6 - a. Is g a prime number?
True
Let u(v) = 24*v + 21. Is u(9) a composite number?
True
Let v(k) = 6*k**3 + k**2. Suppose -2*o + 1 = -3*c - 4, -3*o + 9 = -3*c. Let l be v(c). Suppose 0 = l*w - 2*w - 35. Is w a prime number?
True
Let x(b) = 3*b**2 - 20*b - 13. Let g(o) = -o**2 + 7*o + 4. Let j(f) = 11*g(f) + 4*x(f). Is j(-6) prime?
False
Suppose 5*q - 29 = 11. Suppose 5*c - 310 = 5*b, -4*c - 5*b = -q*c + 245. Is c prime?
False
Let f(s) = 10*s**2 - 2*s + 1. Let d be f(1). Suppose -x + 4*g = 0, -x = -3*g + 2*g - d. Is 465/x - (-1)/4 a composite number?
True
Let f be ((-1)/(-3))/((-9)/(-54)). Suppose -4*z + 4*o = 12, -f*z - 6*o + 18 = -2*o. Suppose -22 + z = -h. Is h prime?
False
Let l(g) = 10*g + 19. Suppose -32 = -2*v + 2*w, 54 = -0*v + 3*v - 5*w. Is l(v) a composite number?
False
Let c(q) be the third derivative of 5*q**4/12 + q**3/3 - 2*q**2. Let k be (2/(-3))/((-1)/3). Is c(k) prime?
False
Let f(d) = 4*d. Let z be f(-2). Let w(j) = j**3 + 9*j**2 - 14*j + 2. Is w(z) a composite number?
True
Let u(v) = -27*v + 16. Is u(-7) composite?
True
Let k(a) = 817*a**2 - a + 1. Is k(1) composite?
True
Let n = -592 + 1129. Is n a composite number?
True
Let w = 514 + 663. Is w prime?
False
Let n = 4646 + -2953. Is n pr